{"id":3136,"date":"2025-04-23T12:32:10","date_gmt":"2025-04-23T15:32:10","guid":{"rendered":"https:\/\/reservacultural.com.br\/niteroi\/?page_id=3136"},"modified":"2025-04-23T12:32:51","modified_gmt":"2025-04-23T15:32:51","slug":"imprensa","status":"publish","type":"page","link":"https:\/\/reservacultural.com.br\/niteroi\/imprensa\/","title":{"rendered":"Imprensa"},"content":{"rendered":"\t\t<div data-elementor-type=\"wp-page\" data-elementor-id=\"3136\" class=\"elementor elementor-3136\" data-elementor-post-type=\"page\">\n\t\t\t\t<div class=\"elementor-element elementor-element-4007b25 e-con-full e-flex e-con e-parent\" data-id=\"4007b25\" data-element_type=\"container\" data-e-type=\"container\">\n\t\t\t\t<\/div>\n\t\t<div class=\"elementor-element elementor-element-8f11e78 e-flex e-con-boxed e-con e-parent\" data-id=\"8f11e78\" data-element_type=\"container\" data-e-type=\"container\" data-settings=\"{&quot;background_background&quot;:&quot;classic&quot;}\">\n\t\t\t\t\t<div class=\"e-con-inner\">\n\t\t<div class=\"elementor-element elementor-element-5046b7d e-con-full e-flex e-con e-child\" data-id=\"5046b7d\" data-element_type=\"container\" data-e-type=\"container\">\n\t\t<div class=\"elementor-element elementor-element-046abf3 e-con-full e-flex e-con e-child\" data-id=\"046abf3\" data-element_type=\"container\" data-e-type=\"container\" data-settings=\"{&quot;background_background&quot;:&quot;classic&quot;}\">\n\t\t<div class=\"elementor-element elementor-element-977d916 e-con-full e-flex e-con e-child\" data-id=\"977d916\" data-element_type=\"container\" data-e-type=\"container\">\n\t\t\t\t<div class=\"elementor-element elementor-element-1748c91d elementor-widget elementor-widget-heading\" data-id=\"1748c91d\" data-element_type=\"widget\" data-e-type=\"widget\" data-widget_type=\"heading.default\">\n\t\t\t\t<div class=\"elementor-widget-container\">\n\t\t\t\t\t<h2 class=\"elementor-heading-title elementor-size-default\">Imprensa.<\/h2>\t\t\t\t<\/div>\n\t\t\t\t<\/div>\n\t\t\t\t<div class=\"elementor-element elementor-element-77707050 elementor-widget elementor-widget-text-editor\" data-id=\"77707050\" data-element_type=\"widget\" data-e-type=\"widget\" data-widget_type=\"text-editor.default\">\n\t\t\t\t<div class=\"elementor-widget-container\">\n\t\t\t\t\t\t\t\t\t<p class=\"\" data-start=\"113\" data-end=\"334\">Se voc\u00ea \u00e9 jornalista, produtor de conte\u00fado ou faz parte de ve\u00edculos de comunica\u00e7\u00e3o e deseja saber mais sobre a\u00a0<strong data-start=\"224\" data-end=\"244\">Reserva Cultural<\/strong>, estamos \u00e0 disposi\u00e7\u00e3o para fornecer informa\u00e7\u00f5es, imagens, releases e agendar entrevistas.<\/p><p class=\"\" data-start=\"336\" data-end=\"382\">Entre em contato com nossa equipe pelo e-mail:\u00a0<strong data-start=\"387\" data-end=\"421\"><a rel=\"noopener\" data-start=\"389\" data-end=\"419\">contato@reservacultural.com.br<\/a><\/strong><\/p><p class=\"\" data-start=\"423\" data-end=\"543\">Ser\u00e1 um prazer colaborar com sua pauta e compartilhar um pouco mais da nossa hist\u00f3ria, programa\u00e7\u00e3o e projetos culturais.<\/p>\t\t\t\t\t\t\t\t<\/div>\n\t\t\t\t<\/div>\n\t\t\t\t<div class=\"elementor-element elementor-element-76d5633 elementor-widget elementor-widget-heading\" data-id=\"76d5633\" data-element_type=\"widget\" data-e-type=\"widget\" data-widget_type=\"heading.default\">\n\t\t\t\t<div class=\"elementor-widget-container\">\n\t\t\t\t\t<h3 class=\"elementor-heading-title elementor-size-default\">E-mail<\/h3>\t\t\t\t<\/div>\n\t\t\t\t<\/div>\n\t\t\t\t<div class=\"elementor-element elementor-element-4425a60 elementor-widget elementor-widget-text-editor\" data-id=\"4425a60\" data-element_type=\"widget\" data-e-type=\"widget\" data-widget_type=\"text-editor.default\">\n\t\t\t\t<div class=\"elementor-widget-container\">\n\t\t\t\t\t\t\t\t\t<ul><li><span style=\"color: #030000;\"><a style=\"color: #030000;\" href=\"mailto:contato@reservacultural.com.br\" target=\"_blank\" rel=\"noopener\">contato@reservacultural.com.br<\/a><\/span><\/li><\/ul>\t\t\t\t\t\t\t\t<\/div>\n\t\t\t\t<\/div>\n\t\t\t\t<\/div>\n\t\t\t\t<\/div>\n\t\t\t\t<\/div>\n\t\t\t\t\t<\/div>\n\t\t\t\t<\/div>\n\t\t<div class=\"elementor-element elementor-element-26046ef e-flex e-con-boxed e-con e-parent\" data-id=\"26046ef\" data-element_type=\"container\" data-e-type=\"container\" data-settings=\"{&quot;background_background&quot;:&quot;classic&quot;}\">\n\t\t\t\t\t<div class=\"e-con-inner\">\n\t\t<div class=\"elementor-element elementor-element-9ca5d48 e-con-full e-flex e-con e-child\" data-id=\"9ca5d48\" data-element_type=\"container\" data-e-type=\"container\" data-settings=\"{&quot;background_background&quot;:&quot;classic&quot;}\">\n\t\t\t\t<\/div>\n\t\t\t\t\t<\/div>\n\t\t\t\t<\/div>\n\t\t\t\t<\/div>\n\t\t","protected":false},"excerpt":{"rendered":"<p>Imprensa. Se voc\u00ea \u00e9 jornalista, produtor de conte\u00fado ou faz parte de ve\u00edculos de comunica\u00e7\u00e3o e deseja saber mais sobre a\u00a0Reserva Cultural, estamos \u00e0 disposi\u00e7\u00e3o para fornecer informa\u00e7\u00f5es, imagens, releases e agendar entrevistas. Entre em contato com nossa equipe pelo e-mail:\u00a0contato@reservacultural.com.br Ser\u00e1 um prazer colaborar com sua pauta e compartilhar um pouco mais da nossa [&hellip;]<\/p>\n","protected":false},"author":1,"featured_media":0,"parent":0,"menu_order":0,"comment_status":"closed","ping_status":"closed","template":"","meta":{"_acf_changed":false,"footnotes":""},"class_list":["post-3136","page","type-page","status-publish","hentry"],"acf":[],"yoast_head":"<!-- This site is optimized with the Yoast SEO plugin v27.4 - https:\/\/yoast.com\/product\/yoast-seo-wordpress\/ -->\n<title>Imprensa - Cinema Reserva Cultural<\/title>\n<meta name=\"robots\" content=\"index, follow, max-snippet:-1, max-image-preview:large, max-video-preview:-1\" \/>\n<link rel=\"canonical\" href=\"https:\/\/reservacultural.com.br\/niteroi\/imprensa\/\" \/>\n<meta property=\"og:locale\" content=\"pt_BR\" \/>\n<meta property=\"og:type\" content=\"article\" \/>\n<meta property=\"og:title\" content=\"Imprensa - Cinema Reserva Cultural\" \/>\n<meta property=\"og:description\" content=\"Imprensa. Se voc\u00ea \u00e9 jornalista, produtor de conte\u00fado ou faz parte de ve\u00edculos de comunica\u00e7\u00e3o e deseja saber mais sobre a\u00a0Reserva Cultural, estamos \u00e0 disposi\u00e7\u00e3o para fornecer informa\u00e7\u00f5es, imagens, releases e agendar entrevistas. Entre em contato com nossa equipe pelo e-mail:\u00a0contato@reservacultural.com.br Ser\u00e1 um prazer colaborar com sua pauta e compartilhar um pouco mais da nossa [&hellip;]\" \/>\n<meta property=\"og:url\" content=\"https:\/\/reservacultural.com.br\/niteroi\/imprensa\/\" \/>\n<meta property=\"og:site_name\" content=\"Cinema Reserva Cultural\" \/>\n<meta property=\"article:modified_time\" content=\"2025-04-23T15:32:51+00:00\" \/>\n<meta name=\"twitter:card\" content=\"summary_large_image\" \/>\n<meta name=\"twitter:label1\" content=\"Est. tempo de leitura\" \/>\n\t<meta name=\"twitter:data1\" content=\"1 minuto\" \/>\n<script type=\"application\/ld+json\" class=\"yoast-schema-graph\">{\"@context\":\"https:\\\/\\\/schema.org\",\"@graph\":[{\"@type\":\"WebPage\",\"@id\":\"https:\\\/\\\/reservacultural.com.br\\\/niteroi\\\/imprensa\\\/\",\"url\":\"https:\\\/\\\/reservacultural.com.br\\\/niteroi\\\/imprensa\\\/\",\"name\":\"Imprensa - Cinema Reserva Cultural\",\"isPartOf\":{\"@id\":\"https:\\\/\\\/reservacultural.com.br\\\/niteroi\\\/#website\"},\"datePublished\":\"2025-04-23T15:32:10+00:00\",\"dateModified\":\"2025-04-23T15:32:51+00:00\",\"breadcrumb\":{\"@id\":\"https:\\\/\\\/reservacultural.com.br\\\/niteroi\\\/imprensa\\\/#breadcrumb\"},\"inLanguage\":\"pt-BR\",\"potentialAction\":[{\"@type\":\"ReadAction\",\"target\":[\"https:\\\/\\\/reservacultural.com.br\\\/niteroi\\\/imprensa\\\/\"]}]},{\"@type\":\"BreadcrumbList\",\"@id\":\"https:\\\/\\\/reservacultural.com.br\\\/niteroi\\\/imprensa\\\/#breadcrumb\",\"itemListElement\":[{\"@type\":\"ListItem\",\"position\":1,\"name\":\"In\u00edcio\",\"item\":\"https:\\\/\\\/reservacultural.com.br\\\/niteroi\\\/\"},{\"@type\":\"ListItem\",\"position\":2,\"name\":\"Imprensa\"}]},{\"@type\":\"WebSite\",\"@id\":\"https:\\\/\\\/reservacultural.com.br\\\/niteroi\\\/#website\",\"url\":\"https:\\\/\\\/reservacultural.com.br\\\/niteroi\\\/\",\"name\":\"Cinema Reserva Cultural\",\"description\":\"Filmes, gastronomia e Eventos\",\"publisher\":{\"@id\":\"https:\\\/\\\/reservacultural.com.br\\\/niteroi\\\/#organization\"},\"potentialAction\":[{\"@type\":\"SearchAction\",\"target\":{\"@type\":\"EntryPoint\",\"urlTemplate\":\"https:\\\/\\\/reservacultural.com.br\\\/niteroi\\\/?s={search_term_string}\"},\"query-input\":{\"@type\":\"PropertyValueSpecification\",\"valueRequired\":true,\"valueName\":\"search_term_string\"}}],\"inLanguage\":\"pt-BR\"},{\"@type\":\"Organization\",\"@id\":\"https:\\\/\\\/reservacultural.com.br\\\/niteroi\\\/#organization\",\"name\":\"Cinema Reserva Cultural\",\"url\":\"https:\\\/\\\/reservacultural.com.br\\\/niteroi\\\/\",\"logo\":{\"@type\":\"ImageObject\",\"inLanguage\":\"pt-BR\",\"@id\":\"https:\\\/\\\/reservacultural.com.br\\\/niteroi\\\/#\\\/schema\\\/logo\\\/image\\\/\",\"url\":\"https:\\\/\\\/reservacultural.com.br\\\/niteroi_\\\/wp-content\\\/uploads\\\/2024\\\/07\\\/Captura-de-Tela-2024-04-18-as-14.07-1.jpg\",\"contentUrl\":\"https:\\\/\\\/reservacultural.com.br\\\/niteroi_\\\/wp-content\\\/uploads\\\/2024\\\/07\\\/Captura-de-Tela-2024-04-18-as-14.07-1.jpg\",\"width\":274,\"height\":96,\"caption\":\"Cinema Reserva Cultural\"},\"image\":{\"@id\":\"https:\\\/\\\/reservacultural.com.br\\\/niteroi\\\/#\\\/schema\\\/logo\\\/image\\\/\"}}]}<\/script>\n<!-- \/ Yoast SEO plugin. -->","yoast_head_json":{"title":"Imprensa - Cinema Reserva Cultural","robots":{"index":"index","follow":"follow","max-snippet":"max-snippet:-1","max-image-preview":"max-image-preview:large","max-video-preview":"max-video-preview:-1"},"canonical":"https:\/\/reservacultural.com.br\/niteroi\/imprensa\/","og_locale":"pt_BR","og_type":"article","og_title":"Imprensa - Cinema Reserva Cultural","og_description":"Imprensa. Se voc\u00ea \u00e9 jornalista, produtor de conte\u00fado ou faz parte de ve\u00edculos de comunica\u00e7\u00e3o e deseja saber mais sobre a\u00a0Reserva Cultural, estamos \u00e0 disposi\u00e7\u00e3o para fornecer informa\u00e7\u00f5es, imagens, releases e agendar entrevistas. Entre em contato com nossa equipe pelo e-mail:\u00a0contato@reservacultural.com.br Ser\u00e1 um prazer colaborar com sua pauta e compartilhar um pouco mais da nossa [&hellip;]","og_url":"https:\/\/reservacultural.com.br\/niteroi\/imprensa\/","og_site_name":"Cinema Reserva Cultural","article_modified_time":"2025-04-23T15:32:51+00:00","twitter_card":"summary_large_image","twitter_misc":{"Est. tempo de leitura":"1 minuto"},"schema":{"@context":"https:\/\/schema.org","@graph":[{"@type":"WebPage","@id":"https:\/\/reservacultural.com.br\/niteroi\/imprensa\/","url":"https:\/\/reservacultural.com.br\/niteroi\/imprensa\/","name":"Imprensa - Cinema Reserva Cultural","isPartOf":{"@id":"https:\/\/reservacultural.com.br\/niteroi\/#website"},"datePublished":"2025-04-23T15:32:10+00:00","dateModified":"2025-04-23T15:32:51+00:00","breadcrumb":{"@id":"https:\/\/reservacultural.com.br\/niteroi\/imprensa\/#breadcrumb"},"inLanguage":"pt-BR","potentialAction":[{"@type":"ReadAction","target":["https:\/\/reservacultural.com.br\/niteroi\/imprensa\/"]}]},{"@type":"BreadcrumbList","@id":"https:\/\/reservacultural.com.br\/niteroi\/imprensa\/#breadcrumb","itemListElement":[{"@type":"ListItem","position":1,"name":"In\u00edcio","item":"https:\/\/reservacultural.com.br\/niteroi\/"},{"@type":"ListItem","position":2,"name":"Imprensa"}]},{"@type":"WebSite","@id":"https:\/\/reservacultural.com.br\/niteroi\/#website","url":"https:\/\/reservacultural.com.br\/niteroi\/","name":"Cinema Reserva Cultural","description":"Filmes, gastronomia e Eventos","publisher":{"@id":"https:\/\/reservacultural.com.br\/niteroi\/#organization"},"potentialAction":[{"@type":"SearchAction","target":{"@type":"EntryPoint","urlTemplate":"https:\/\/reservacultural.com.br\/niteroi\/?s={search_term_string}"},"query-input":{"@type":"PropertyValueSpecification","valueRequired":true,"valueName":"search_term_string"}}],"inLanguage":"pt-BR"},{"@type":"Organization","@id":"https:\/\/reservacultural.com.br\/niteroi\/#organization","name":"Cinema Reserva Cultural","url":"https:\/\/reservacultural.com.br\/niteroi\/","logo":{"@type":"ImageObject","inLanguage":"pt-BR","@id":"https:\/\/reservacultural.com.br\/niteroi\/#\/schema\/logo\/image\/","url":"https:\/\/reservacultural.com.br\/niteroi_\/wp-content\/uploads\/2024\/07\/Captura-de-Tela-2024-04-18-as-14.07-1.jpg","contentUrl":"https:\/\/reservacultural.com.br\/niteroi_\/wp-content\/uploads\/2024\/07\/Captura-de-Tela-2024-04-18-as-14.07-1.jpg","width":274,"height":96,"caption":"Cinema Reserva Cultural"},"image":{"@id":"https:\/\/reservacultural.com.br\/niteroi\/#\/schema\/logo\/image\/"}}]}},"_links":{"self":[{"href":"https:\/\/reservacultural.com.br\/niteroi\/wp-json\/wp\/v2\/pages\/3136","targetHints":{"allow":["GET"]}}],"collection":[{"href":"https:\/\/reservacultural.com.br\/niteroi\/wp-json\/wp\/v2\/pages"}],"about":[{"href":"https:\/\/reservacultural.com.br\/niteroi\/wp-json\/wp\/v2\/types\/page"}],"author":[{"embeddable":true,"href":"https:\/\/reservacultural.com.br\/niteroi\/wp-json\/wp\/v2\/users\/1"}],"replies":[{"embeddable":true,"href":"https:\/\/reservacultural.com.br\/niteroi\/wp-json\/wp\/v2\/comments?post=3136"}],"version-history":[{"count":0,"href":"https:\/\/reservacultural.com.br\/niteroi\/wp-json\/wp\/v2\/pages\/3136\/revisions"}],"wp:attachment":[{"href":"https:\/\/reservacultural.com.br\/niteroi\/wp-json\/wp\/v2\/media?parent=3136"}],"curies":[{"name":"wp","href":"https:\/\/api.w.org\/{rel}","templated":true}]}}

<div data-elementor-type="wp-page" data-elementor-id="3136" class="elementor elementor-3136" data-elementor-post-type="page">
				<div class="elementor-element elementor-element-4007b25 e-con-full e-flex e-con e-parent" data-id="4007b25" data-element_type="container" data-e-type="container">
				</div>
		<div class="elementor-element elementor-element-8f11e78 e-flex e-con-boxed e-con e-parent" data-id="8f11e78" data-element_type="container" data-e-type="container" data-settings="{&quot;background_background&quot;:&quot;classic&quot;}">
					<div class="e-con-inner">
		<div class="elementor-element elementor-element-5046b7d e-con-full e-flex e-con e-child" data-id="5046b7d" data-element_type="container" data-e-type="container">
		<div class="elementor-element elementor-element-046abf3 e-con-full e-flex e-con e-child" data-id="046abf3" data-element_type="container" data-e-type="container" data-settings="{&quot;background_background&quot;:&quot;classic&quot;}">
		<div class="elementor-element elementor-element-977d916 e-con-full e-flex e-con e-child" data-id="977d916" data-element_type="container" data-e-type="container">
				<div class="elementor-element elementor-element-1748c91d elementor-widget elementor-widget-heading" data-id="1748c91d" data-element_type="widget" data-e-type="widget" data-widget_type="heading.default">
				<div class="elementor-widget-container">
					<h2 class="elementor-heading-title elementor-size-default">Imprensa.</h2>				</div>
				</div>
				<div class="elementor-element elementor-element-77707050 elementor-widget elementor-widget-text-editor" data-id="77707050" data-element_type="widget" data-e-type="widget" data-widget_type="text-editor.default">
				<div class="elementor-widget-container">
									<p class="" data-start="113" data-end="334">Se você é jornalista, produtor de conteúdo ou faz parte de veículos de comunicação e deseja saber mais sobre a <strong data-start="224" data-end="244">Reserva Cultural</strong>, estamos à disposição para fornecer informações, imagens, releases e agendar entrevistas.</p><p class="" data-start="336" data-end="382">Entre em contato com nossa equipe pelo e-mail: <strong data-start="387" data-end="421"><a rel="noopener" data-start="389" data-end="419">contato@reservacultural.com.br</a></strong></p><p class="" data-start="423" data-end="543">Será um prazer colaborar com sua pauta e compartilhar um pouco mais da nossa história, programação e projetos culturais.</p>								</div>
				</div>
				<div class="elementor-element elementor-element-76d5633 elementor-widget elementor-widget-heading" data-id="76d5633" data-element_type="widget" data-e-type="widget" data-widget_type="heading.default">
				<div class="elementor-widget-container">
					<h3 class="elementor-heading-title elementor-size-default">E-mail</h3>				</div>
				</div>
				<div class="elementor-element elementor-element-4425a60 elementor-widget elementor-widget-text-editor" data-id="4425a60" data-element_type="widget" data-e-type="widget" data-widget_type="text-editor.default">
				<div class="elementor-widget-container">
									<ul><li><span style="color: #030000;"><a style="color: #030000;" href="mailto:contato@reservacultural.com.br" target="_blank" rel="noopener">contato@reservacultural.com.br</a></span></li></ul>								</div>
				</div>
				</div>
				</div>
				</div>
					</div>
				</div>
		<div class="elementor-element elementor-element-26046ef e-flex e-con-boxed e-con e-parent" data-id="26046ef" data-element_type="container" data-e-type="container" data-settings="{&quot;background_background&quot;:&quot;classic&quot;}">
					<div class="e-con-inner">
		<div class="elementor-element elementor-element-9ca5d48 e-con-full e-flex e-con e-child" data-id="9ca5d48" data-element_type="container" data-e-type="container" data-settings="{&quot;background_background&quot;:&quot;classic&quot;}">
				</div>
					</div>
				</div>
				</div>

<p>Imprensa. Se você é jornalista, produtor de conteúdo ou faz parte de veículos de comunicação e deseja saber mais sobre a Reserva Cultural, estamos à disposição para fornecer informações, imagens, releases e agendar entrevistas. Entre em contato com nossa equipe pelo e-mail: contato@reservacultural.com.br Será um prazer colaborar com sua pauta e compartilhar um pouco mais da nossa [&hellip;]</p>

<!-- This site is optimized with the Yoast SEO plugin v27.4 - https://yoast.com/product/yoast-seo-wordpress/ -->
<title>Imprensa - Cinema Reserva Cultural</title>
<meta name="robots" content="index, follow, max-snippet:-1, max-image-preview:large, max-video-preview:-1" />
<link rel="canonical" href="https://reservacultural.com.br/niteroi/imprensa/" />
<meta property="og:locale" content="pt_BR" />
<meta property="og:type" content="article" />
<meta property="og:title" content="Imprensa - Cinema Reserva Cultural" />
<meta property="og:description" content="Imprensa. Se você é jornalista, produtor de conteúdo ou faz parte de veículos de comunicação e deseja saber mais sobre a Reserva Cultural, estamos à disposição para fornecer informações, imagens, releases e agendar entrevistas. Entre em contato com nossa equipe pelo e-mail: contato@reservacultural.com.br Será um prazer colaborar com sua pauta e compartilhar um pouco mais da nossa [&hellip;]" />
<meta property="og:url" content="https://reservacultural.com.br/niteroi/imprensa/" />
<meta property="og:site_name" content="Cinema Reserva Cultural" />
<meta property="article:modified_time" content="2025-04-23T15:32:51+00:00" />
<meta name="twitter:card" content="summary_large_image" />
<meta name="twitter:label1" content="Est. tempo de leitura" />
	<meta name="twitter:data1" content="1 minuto" />
<script type="application/ld+json" class="yoast-schema-graph">{"@context":"https:\/\/schema.org","@graph":[{"@type":"WebPage","@id":"https:\/\/reservacultural.com.br\/niteroi\/imprensa\/","url":"https:\/\/reservacultural.com.br\/niteroi\/imprensa\/","name":"Imprensa - Cinema Reserva Cultural","isPartOf":{"@id":"https:\/\/reservacultural.com.br\/niteroi\/#website"},"datePublished":"2025-04-23T15:32:10+00:00","dateModified":"2025-04-23T15:32:51+00:00","breadcrumb":{"@id":"https:\/\/reservacultural.com.br\/niteroi\/imprensa\/#breadcrumb"},"inLanguage":"pt-BR","potentialAction":[{"@type":"ReadAction","target":["https:\/\/reservacultural.com.br\/niteroi\/imprensa\/"]}]},{"@type":"BreadcrumbList","@id":"https:\/\/reservacultural.com.br\/niteroi\/imprensa\/#breadcrumb","itemListElement":[{"@type":"ListItem","position":1,"name":"Início","item":"https:\/\/reservacultural.com.br\/niteroi\/"},{"@type":"ListItem","position":2,"name":"Imprensa"}]},{"@type":"WebSite","@id":"https:\/\/reservacultural.com.br\/niteroi\/#website","url":"https:\/\/reservacultural.com.br\/niteroi\/","name":"Cinema Reserva Cultural","description":"Filmes, gastronomia e Eventos","publisher":{"@id":"https:\/\/reservacultural.com.br\/niteroi\/#organization"},"potentialAction":[{"@type":"SearchAction","target":{"@type":"EntryPoint","urlTemplate":"https:\/\/reservacultural.com.br\/niteroi\/?s={search_term_string}"},"query-input":{"@type":"PropertyValueSpecification","valueRequired":true,"valueName":"search_term_string"}}],"inLanguage":"pt-BR"},{"@type":"Organization","@id":"https:\/\/reservacultural.com.br\/niteroi\/#organization","name":"Cinema Reserva Cultural","url":"https:\/\/reservacultural.com.br\/niteroi\/","logo":{"@type":"ImageObject","inLanguage":"pt-BR","@id":"https:\/\/reservacultural.com.br\/niteroi\/#\/schema\/logo\/image\/","url":"https:\/\/reservacultural.com.br\/niteroi_\/wp-content\/uploads\/2024\/07\/Captura-de-Tela-2024-04-18-as-14.07-1.jpg","contentUrl":"https:\/\/reservacultural.com.br\/niteroi_\/wp-content\/uploads\/2024\/07\/Captura-de-Tela-2024-04-18-as-14.07-1.jpg","width":274,"height":96,"caption":"Cinema Reserva Cultural"},"image":{"@id":"https:\/\/reservacultural.com.br\/niteroi\/#\/schema\/logo\/image\/"}}]}</script>
<!-- / Yoast SEO plugin. -->

Imprensa. Se você é jornalista, produtor de conteúdo ou faz parte de veículos de comunicação e deseja saber mais sobre a Reserva Cultural, estamos à disposição para fornecer informações, imagens, releases e agendar entrevistas. Entre em contato com nossa equipe pelo e-mail: contato@reservacultural.com.br Será um prazer colaborar com sua pauta e compartilhar um pouco mais da nossa [&hellip;]

Início
